 Calculate c(n).
4
Let v(s) = -1 + 6*s - 5 - 5 + 0 + 7. Give v(2).
8
Let h be (-40)/(-12)*6/5. Let x(n) = -h*n**2 - n**3 + 3*n**2 + 6*n - 1 + 3*n**2. Let t(q) = q**3 - 18*q**2 + 33*q - 12. Let p be t(16). Calculate x(p).
-9
Let d(g) = g + 3 + 7 + 5. Suppose -76 = 6*t + 464. Let y be (-2)/4 + t/12. Determine d(y).
7
Suppose -5*r + 4*j + 4 = 0, -5*j + 24 = -r + 2*r. Let b(u) = -7*u**2 + 3*u - 4. Let n(v) = -v**2 - 1. Let h(m) = -b(m) + 6*n(m). Determine h(r).
2
Let n(a) = -2*a + 7 + 3*a - 5. Let s be n(6). Let d(u) = 3*u**2 + 32*u - 5. Let q(o) = -2*o**2 - 21*o + 3. Let j(t) = s*q(t) + 5*d(t). Calculate j(-7).
6
Suppose r + 19 = 5*a + 2*r, -2*a = -3*r + 6. Let t(k) = k**3 - 3*k**2 + 7. Determine t(a).
7
Let v(h) = -77 - 2*h + 37 + 13. Calculate v(-15).
3
Suppose 3*d = -4*y + 11, 3*d - 13 = -y - 4*y. Let h be (-3)/(-3)*d - 3. Let w(n) = n**3 + 2*n**2 - 2*n. Determine w(h).
4
Let t(x) = x**3 - 5*x**2 + 3*x - 3. Let r(m) = -2*m + 6. Let y be r(1). Calculate t(y).
-7
Let y(z) = -3*z + 2. Let m = -12 + 1. Let g = -26 - -18. Let w = g - m. Determine y(w).
-7
Let q(v) = v**3 - 6*v**2 - 15*v - 4. Suppose -32*y + 70 = -186. Determine q(y).
4
Let d(a) be the second derivative of -a**4/12 + a**3 - 2*a**2 - 19*a. Let h(m) be the first derivative of d(m). Calculate h(7).
-8
Suppose x + 0*x = 3. Suppose 0 = -5*i + 15, x*o + 0*i + 6 = 2*i. Let z(a) = a**2 + 7. Determine z(o).
7
Let h(f) = 23*f - 23*f - 6 + f**2 + 6. Suppose 7*r + 3 = 4*r. Let g(a) = 3*a**2 - 5*a - 5. Let v(y) = r*g(y) + 2*h(y). Give v(5).
5
Let w(l) be the first derivative of l**5/20 + 5*l**4/12 + 2*l**3/3 + 5*l**2/2 + l + 5. Let t(r) be the first derivative of w(r). What is t(-5)?
-15
Let q(k) = k**3 + 5*k**2 - k + 6. Let u be (-3)/(-6) + (-39)/(-6). Let g = 23 - 21. Suppose -g = -h - u. What is q(h)?
11
Let u(i) = i**3 - 6*i**2 + 8*i - 4. Let x = 778 - 772. What is u(x)?
44
Suppose -4*n - 3*v + 8 = 0, 3*n + 3*v = 5*n - 4. Let z(s) = -s - 11. Let g(y) = -y - 6. Let t(f) = -5*g(f) + 3*z(f). Calculate t(n).
1
Let y(c) = -35*c**3 - 5*c**2 - 17*c - 5. Let j(x) = 52*x**3 + 8*x**2 + 27*x + 8. Let k(l) = -5*j(l) - 8*y(l). Calculate k(1).
21
Let c(k) = 10*k + 13. Let p(f) = 10*f - 92. Let a be p(9). Calculate c(a).
-7
Let j(w) = 6*w**3 - w. Let n(p) = -2*p**3 + 9*p**2 + 4*p + 8. Let l be n(5). Let g be (4 - -2) + -4 - l. Determine j(g).
-5
Let t be 2 + (3 - 8) - -3. Let u = 0 - t. Let n(s) = u + s + 11 - 1. Give n(-6).
4
Let q(d) = -d**3 + 7*d**2 - 8*d + 2. Let z(x) = x**3 + 9*x**2 - 5*x - 39. Let a be z(-9). What is q(a)?
-10
Let y(c) = 16*c + 3*c**2 + c**3 - 50*c + 21*c + 16*c - 3. Determine y(-4).
-31
Suppose 10*k - 1 = 19. Let o be 4/k*20/8. Let d(p) = -p**2 + 6*p - 3. Determine d(o).
2
Let g(a) = a - 1. Suppose -4*r + 5*r - 10 = x, -r + 5*x = -26. Let j be r/(-8) - 6/(-8). What is g(j)?
-1
Let f(t) = -6*t - 1. Let u(q) = -q**3 + 2*q**2 + 7. Let d be u(3). Calculate f(d).
11
Suppose 3 = -j + 4*j. Let m(q) = 5*q**2 + 1. Let o be m(j). Let f(l) = -l**3 + 6*l**2 + 2. Determine f(o).
2
Let i(j) = 2*j**3 + 11*j**2 - 5*j + 7. Let m be i(-6). Let g(n) = -8*n**3 + 3*n**2 - 2*n + 1. Give g(m).
-6
Let b(z) = -11*z**2 + z + 8. Let h(o) = -2*o**2 + o + 2. Let y(i) = -b(i) + 3*h(i). What is y(1)?
5
Suppose -3*o - 3*q + 28 = q, 5*o - q - 16 = 0. Let f(b) = -3 + 4*b - 28*b + 2*b**2 - 5*b**2 + b**3 + 2*b + 20*b. Calculate f(o).
5
Let y(m) be the second derivative of 0 - 3*m**3 - 5*m + 1/2*m**2. Give y(-1).
19
Let w(u) be the first derivative of 1/2*u**2 - 6*u**3 + 29 + 0*u. Give w(-1).
-19
Let m(d) = -2*d + 4. Let t be ((-27)/63 - (-96)/(-21)) + 12. Calculate m(t).
-10
Suppose 0 = -128*j + 132*j - 24. Let t(r) = -r**3 + 5*r**2 + 10*r - 18. Give t(j).
6
Suppose 2 = a - 0, -4*v - 5*a = 10. Let f(c) = c**3 + 5*c**2 + 3*c - 2. Give f(v).
-17
Let s be (-32)/(-6) - 1/3. Let q(h) = -64*h**3 + h**2 + 18*h + 5. Let n(m) = -51*m**3 + 13*m + 5. Let g(j) = -5*n(j) + 4*q(j). Calculate g(s).
5
Let n(s) be the second derivative of -s**5/20 + 7*s**4/12 - s**3 + s**2/2 + 4*s + 2. Determine n(6).
1
Let j(v) = -v. Let k(y) = 7*y - 3. Let s(w) = 6*j(w) + k(w). Calculate s(5).
2
Suppose -3*w = 2*n + 2, -54*w = -53*w + 3*n - 11. Let a(d) = -2*d**2 - 5*d - 7. Give a(w).
-19
Suppose 24*n + 117 = 11*n. Let h(x) = 2*x + 12. What is h(n)?
-6
Let d(o) = 24 - 23 + 2*o**2 + 2*o + 0*o**2. Suppose 5 - 6 = k, -5*k = -4*f + 13. Determine d(f).
13
Let h = 739 + -743. Let s(i) = 5*i**2 + 19*i - 2. Calculate s(h).
2
Let k(a) = 2*a**3 + 6*a**2 + 8*a + 4. Let c be k(-2). Let i(f) = -12*f - 5. Calculate i(c).
43
Let h(j) = 4*j + 8. Let x(r) = 1. Let l(o) = h(o) - 3*x(o). Give l(-6).
-19
Let b(u) = 2*u**3 + 22*u**2 - 24*u + 3. Let s be b(-12). Let v(j) = j**3 - 5*j**2 + 7*j - 5. Determine v(s).
-2
Let l(m) = -m**3 + 3*m**2 - 3*m + 3. Let k be 4/18 - 280/(-36). Let x be ((-12)/(-21))/(k/28). Determine l(x).
1
Suppose 0 = -10*z + 11*z - 17. Let h = z + -17. Let y(s) = s + 10. What is y(h)?
10
Let i(j) = -3*j**2 + 4*j + 9. Let r(c) = 6*c**2 - 8*c - 19. Let k(p) = -7*i(p) - 3*r(p). Calculate k(4).
26
Let v(p) be the second derivative of -p**6/120 - p**5/20 - p**4/8 - p**3/3 - 4*p**2 - 6*p. Let a(j) be the first derivative of v(j). Give a(-2).
0
Let y(i) be the second derivative of i**5/40 + i**4/6 - 8*i**3/3 - 9*i. Let q(o) be the second derivative of y(o). What is q(-5)?
-11
Let c be (-9)/(-7) - (-12)/(-42). Let s(x) = -x - 1. Let w be s(-1). Let t(f) = 1 + f - 3*f + w*f**2 + 7*f**2. Calculate t(c).
6
Let c be 5/10 + (44/(-8) - 2). Let o be 8/20*(-3 + c). Let n(y) = y**2 + y - 4. Give n(o).
8
Let f(s) be the third derivative of -2*s**5/15 - s**4/12 + s**3/6 - s**2. Suppose 0 = 3*x - 2*h - 5, -6*h + 3*h - 4 = -x. Determine f(x).
-9
Let v(d) = d**3 + 10*d**2 - 11*d. Let y be v(-11). Let l be 5 - (y/3 + -1). Let a(p) = p**3 - 5*p**2 - 6*p - 6. Calculate a(l).
-6
Let w(l) be the third derivative of -l**6/8 + l**5/60 - l**4/12 + l**3/6 + 213*l**2. Calculate w(1).
-15
Let v be (2/5)/(3/30). Let y(d) = -d**3 - 3*d**2 + 9*d**2 - v*d + 6 - 3*d. Let a be (-94)/(-235) + (-69)/(-15). Give y(a).
-4
Let k(s) be the first derivative of -s**4/4 - 2*s**3 + s**2 + 7*s - 159. Let j = -3 - 3. Give k(j).
-5
Let w(i) = -7 + 7*i - 5 + 5 + 8*i - 20*i. Determine w(-2).
3
Let z(d) = d**3 - 17*d**2 + 31*d - 18. Suppose 9*h - 29 - 106 = 0. Let o be z(h). Let k(b) = -b**2 - b - 1. Determine k(o).
-7
Let l(q) = 7*q + q**3 + 2*q**2 + 12 + 0*q**2 - 5 - 5*q**2 - 5*q**2. Let z = 29 + -22. What is l(z)?
7
Suppose -5*x - z = -73, 2*x + z = -x + 43. Suppose 0 = c - x + 12. Let y(v) = 7*v**2 - 4*v - v**c - 7 + 0*v**2 + 0*v**2. Give y(6).
5
Let r(x) be the second derivative of 1/2*x**3 - 1/12*x**4 + 1/2*x**2 - 3*x + 0. Give r(3).
1
Let w(g) = -7 + 4*g**2 + g**3 + 7*g**2 + 8*g**2 - 12*g**2 + 2*g. Determine w(-6).
17
Let r(n) = n**3 - 2*n**2 - 3. Suppose -m - 4*d = 2*m + 14, 23 = -m - 5*d. Let u be r(m). Let a(o) = o + 4. Determine a(u).
1
Let i(s) = s**2 - s - 14. Suppose 3*z - 30 = -0. Suppose -z*p + 22*p = 0. Calculate i(p).
-14
Let j(u) = -6*u - 1. Let z(o) = o**2 - 1. Let b(g) = -g - 8. Let r be b(-9). Let h(i) = r*j(i) - z(i). Calculate h(-5).
5
Let r(c) = -c**3 - 2*c**2 + 2*c + 4. Let f be (-6)/(-9)*((5 - -2) + -1). Suppose 0 = 5*a + 10, 5*a - f = 5*s + 1. Determine r(s).
7
Suppose -6 = -i - i. Let c(y) be the first derivative of -3*y**2/2 - 2*y + 35. Calculate c(i).
-11
Let o(h) = -h**3 - 9*h**2 - 7*h + 8. Let n(b) = 11*b - 194. Let u be n(17). Calculate o(u).
-41
Let x be (-13)/((-234)/27)*-2*1. Let r(j) = 4*j + 3. What is r(x)?
-9
Let a(w) = w**3 - 4*w**2 - 4*w + 5. Suppose 0 = -2*l + n + 33 + 4, 2*n + 94 = 5*l. Let v be (-16)/l + 29/5. Determine a(v).
10
Let r(d) = 13*d**2 + 21*d + 14. Let j(i) = 11*i**2 + 19*i + 15. Let y(u) = 6*j(u) - 5*r(u). Determine y(-5).
0
Let o(d) = -d**2 + 6*d - 9. Let t(c) = -c**2 + 13*c - 12. Let r be t(6). Suppose w - 6*w = -r. What is o(w)?
-9
Let o be ((-12)/6)/(4/22). Let q(u) = -u**2 - 11*u - 10. Determine q(o).
-10
Let o = 209 - 208. Let b(c) = -4*c**2 + 3*c - 2. Give b(o).
-3
Let a(j) = 36*j**2 + 8*j - 3. Let p be a(3). Let c(u) = 684*u - 1 - p*u - 343*u. Give c(-2).
7
Let l(h) = -1229*h**2 + 615*h**2 + 1 + 616*h**2 - h. What is l(1)?
2
Let t be (0 + (-8)/10)*-5. Suppose -t*l + l = 30. Let c be (-46)/(-10) - 4/l. Let d(b) = -b**2 + 4*b + 2. Calc